he first derivative of -5*w**2/2 + 7*w - 485. What is j(4)?
-13
Let c = 25 + -23. Suppose c*r - 18 = 3*h + 6, -39 = -5*r - 3*h. Let s(t) = 4 - 2*t - r*t - 3*t + 15*t. Give s(0).
4
Let r(n) = -n + 8. Let p(b) = -2*b + 17. Let x(i) = 4*p(i) - 9*r(i). Suppose 4*t = -5*y - 321 - 82, 3*y = -4*t - 405. Let v = -102 - t. What is x(v)?
-4
Let t(z) = -z**2 - 9*z - 3. Suppose 59*n = 12*n - 423. Calculate t(n).
-3
Let s(j) be the third derivative of j**6/120 - 2*j**5/15 - j**4/3 - 5*j**3/3 + 2*j**2. Let f be (-6 + 9)/((-4)/(-12)). Calculate s(f).
-1
Let j(o) = o**3 + 2*o + 1. Let g be j(-1). Let n(a) = -19 + 6 + 7 - 4*a + 4. Determine n(g).
6
Let n(j) = 147 - 35 - 39 - 50 + 2*j - 50. Calculate n(12).
-3
Let v(a) = a - 4. Let k(l) = -3. Let g(r) = -5*k(r) + v(r). What is g(12)?
23
Let l(q) = -2*q - 6. Let p be l(-4). Let s = 8 + -6. Let m(a) = -2 - 3*a - 11*a**s + 14*a**2 + 2*a. Calculate m(p).
8
Let m(y) = -y + 23. Let c be m(8). Suppose 22*i - 19*i = c. Let n(a) = a + 1. Determine n(i).
6
Let h(l) = 17*l**3 + 13*l**2 + 14*l - 9. Let i(w) = -4*w**3 - 3*w**2 - 3*w + 2. Let p(z) = 2*h(z) + 9*i(z). What is p(0)?
0
Let y = 46 + -46. Let u(l) = -l**2 - 1. Determine u(y).
-1
Let j(g) = 2*g - 1. Let t(v) be the first derivative of 3*v**4/2 - v**2 + v - 3. Suppose -2*u = 3*k + 13, 2*u + 5*k + 26 = 3*u. Let s be t(u). Determine j(s).
9
Let f(y) = -y**3 - 7*y**2 - 9*y - 4. Let j = -359 + 356. Let a(w) be the first derivative of -w**3 - 3*w**2 + 3*w - 1. Let l be a(j). Determine f(l).
14
Let j(a) = a**2 - 2*a + 1. Let l = -26 + 23. Let h(t) = -t**3 - 4*t**2 - 5*t - 3. Let z be h(l). Calculate j(z).
4
Let l(p) be the second derivative of 1/12*p**4 + 5/6*p**3 + 7*p + 0 + 3/2*p**2. Let v(o) = 2*o**2 + 9*o + 5. Let f(z) = -5*l(z) + 3*v(z). Determine f(-3).
3
Suppose -4*u + 0*u + 32 = 0. Let o(a) be the first derivative of -a**2 + 10*a - 6115. What is o(u)?
-6
Let z(i) = 93*i - 51*i + 5 - 43*i. Let o(c) = -c**2 - 8*c - 3. Suppose -3*d + 14 = -4*u - 17, -5*u - 34 = d. Let p be o(u). Give z(p).
1
Let b(m) be the second derivative of m**3/3 + 5*m**2 + 170*m + 2. Calculate b(0).
10
Let l(w) = -w**3 + 2*w**2 + 2*w - 2. Suppose 0 = c + 22 - 10. Let v be 4/((-32)/c)*-10. Let k be 12/(-10)*v/6. Determine l(k).
-5
Let t(k) be the first derivative of k**4/4 - 5*k**3/3 - 5*k**2/2 - 9*k + 1. Let i be t(6). Let r(w) = -w**3 - 3*w**2 - 2*w + 1. What is r(i)?
7
Suppose -32 = -5*o - 7. Let q(d) = -7*d**3 + 15*d**2 + 3*d. Let i(s) = 10*s**3 - 22*s**2 - 4*s. Let r(j) = -5*i(j) - 7*q(j). What is r(o)?
-5
Let m(w) = -w - 2. Let u(d) = -6*d - 12. Let l(j) = 11*m(j) - 2*u(j). Calculate l(-1).
1
Let t(z) be the second derivative of 1/6*z**3 + 14*z + 1/2*z**2 + 0. Suppose 3 = -4*r - 5. Give t(r).
-1
Let c(y) = 7*y - 39. Let s be c(6). Suppose -u - u = -s*w, -12 = -4*u. Let v(n) = -n**3 - 2*n**2 - n + 1. What is v(w)?
-17
Suppose -2*v + m + 8 = -m, -3*v + 14 = -4*m. Let h(p) = -2 + 1 + p**v - 2*p + 3 - 1. Give h(-2).
9
Let l(r) = r**3 - 6*r**2 + 4*r - 4. Suppose 15 = -5*t, -c - t - 18 = 2*c. Let q(o) = -o**2 - 4*o + 8. Let a be q(c). Suppose 13 - a = 2*p. Calculate l(p).
-9
Let l(b) = 17*b + 1. Let q(r) = -4*r. Let u(h) = l(h) + 4*q(h). Determine u(-5).
-4
Suppose 5*n = 18*v - 22*v - 12, 3*n = 4*v + 12. Let w(z) = -14*z + 4. Give w(v).
46
Suppose -5*j = -6 - 14. Suppose u + 2 = 0, 0*o + j*u + 5 = -3*o. Let b(z) = 4*z**2 + 2*z - 1. What is b(o)?
5
Let w(d) be the second derivative of -d**4/12 + d**3/3 - d**2 + 120*d - 2. Let r(c) = c**3 - c - 2. Let i be r(2). Determine w(i).
-10
Let p(y) = y. Let n be -1 + 4 - (0 + -1). Suppose -26 = -n*m + 5*i, 4*i + 8 = -m + 4. Suppose 0*r = -m*r. Determine p(r).
0
Let o(r) be the third derivative of -r**5/60 + r**4/8 + 7*r**3/3 - 212*r**2. Give o(5).
4
Let m(g) = -2*g**2 + 15*g - 7. Let j be m(7). Let t be j + 1 + (-1)/(-1). Let v(l) = l - 1 + 4*l**t - 2*l**2 - l**2. What is v(-4)?
11
Let d(r) = 4*r**2 - 4*r**3 - 2*r + 0*r - 5 + 5*r**3. Let c be ((-8)/(-3 - -4))/(-1). Let u be (-68)/18 - c/36. Determine d(u).
3
Let r = -80 + 83. Let t(w) = w**r + 5*w + 10*w**2 + 4 - 8*w**2 - 4*w**2 - 2*w**3. Determine t(-3).
-2
Let d(c) = 2*c**3 - 2*c**2 + c - 1. Let m(j) = -j**3 - 13*j**2 + 2*j + 32. Let u be m(-13). Suppose -3*i - 3*o = o - 26, 2*i = 2*o - u. Determine d(i).
9
Let h(f) = f**3 + 8*f**2 + 11*f + 9. Let s(w) = -6*w**2 + 7*w - 8. Let b be s(1). What is h(b)?
-19
Let l(u) be the first derivative of -4*u + u**2 - 1/3*u**3 - 38. Give l(3).
-7
Let m(q) = -q**2 - 2*q + 2. Let p(u) = 2*u**2 + 9*u. Let f be p(-5). Suppose 0*h - 5*h - 6 = 4*w, -f*w + 3*h - 26 = 0. Give m(w).
-6
Let l(s) = -2*s**3 + 3*s**2 + 2*s - 2. Let z(x) = -x + 33. Let b be z(8). Suppose b*r + 6 = 22*r. Determine l(r).
22
Let l(u) = 3*u**2 - 2*u + 1. Let x be l(1). Suppose 0 = -3*i + 15 - 3. Let v(f) = -1 - i - f + 8. What is v(x)?
1
Let b(p) = 9*p + 5. Let x = -615 + 613. Calculate b(x).
-13
Suppose -2*w + 12 = 4*m, 2*w = 6*w + 4*m - 16. Let r(v) = -v**3 + v**2 + 2*v + 2. Let j be r(2). Let p(y) = -93 + 94 + 0*y + y**w + j*y. Determine p(-4).
9
Let p(u) = -u - 8. Let t be p(-7). Let z be 66 + t - 0/1. Let y be (-2)/(-4) - z/10. Let s(l) = l**2 + 6*l + 5. Determine s(y).
5
Let v = 221 + -228. Let d(s) = s**2 + 8*s - 1. Calculate d(v).
-8
Let b(m) be the first derivative of m**3/3 - 17*m**2/2 - 14*m + 138. What is b(18)?
4
Let c(g) = 3*g + 7. Suppose -20*a = -2*a + 126. Calculate c(a).
-14
Let v(h) = h**3 - 2*h**2 - 5*h + 3. Let p be v(3). Let a be -5*(-4 - -7)/p. Suppose 5*d = z - 29, 0*d + a*z - 40 = 4*d. Let n(u) = u**2 + 4*u - 7. What is n(d)?
-2
Let x(c) be the third derivative of c**5/30 - c**4/24 - 2*c**2. Let h = 103 - 101. What is x(h)?
6
Let y(o) = 7*o - 5. Let x be ((-80)/(-24) - 3)*3. Determine y(x).
2
Let b(v) be the third derivative of -v**6/120 + v**5/30 + v**3/2 - 98*v**2. Suppose -2*d + 0 = -6. Give b(d).
-6
Let b(s) = -s**2 - 3*s - 1. Let q be b(-2). Let c(d) = 8*d - 1. Let l(j) = 1. Let n(h) = q*c(h) + 3*l(h). Give n(2).
18
Suppose -v = 2*b - 4, 0*b - 3*b - v = -4. Let t(n) = -2*n**2 + 4*n + 7. Let r(p) = -p**2 + 3*p + 7. Let x(l) = -3*r(l) + 2*t(l). Determine x(b).
-7
Let i be 4*(-3)/(-4) - 0. Let k(p) be the second derivative of p**3/6 - p**2 + 7*p. What is k(i)?
1
Let q(n) be the second derivative of -n**3/3 + n**2/2 - 2*n. Suppose 0 = 2*j, 6*w - 3*j + 5 = 11*w. What is q(w)?
-1
Let t(u) be the first derivative of 3 - 1/6*u**3 - 7*u - 3/2*u**2. Let z(j) be the first derivative of t(j). Determine z(0).
-3
Suppose 0 = -2*k - 1 + 13. Suppose -k = -3*m, 3*j - 4*m - 5 - 5 = 0. Let l(c) = 2*c - 3. What is l(j)?
9
Suppose 0 = 2*r + 4*p + 6, -15 = -r + 5*p + 17. Let a = 4 - r. Let j(o) = o - 2*o - 8 + 4. Calculate j(a).
-1
Suppose -3*x + 4*x + 18 = 0. Let d(p) = -p**2 - 18*p - 1. What is d(x)?
-1
Let k(b) be the third derivative of 1/120*b**6 - 6*b**2 - 1/20*b**5 + 0*b**3 + 0 - 1/8*b**4 + 0*b. Determine k(3).
-9
Let m(f) be the second derivative of -f**4/12 - f**3 + f**2/2 - 2*f + 15. Give m(-5).
6
Let r(j) = 61*j + 60. Let p(l) = 31*l + 29. Let c(i) = 13*p(i) - 6*r(i). Let k(d) = 13*d + 6. Let u(f) = 6*c(f) - 17*k(f). Determine u(-6).
-6
Let r(k) be the third derivative of k**5/60 - k**4/24 - k**3/3 + k**2. Suppose -3*v + 19*v = -3*v - 7*v. What is r(v)?
-2
Let v be -6*(3 + (-7)/2). Suppose 18 = 3*m + v*q, -5*m = 2*q + 3 - 30. Let k(l) = -l - 4 - 3 + 0 + m. What is k(2)?
-4
Suppose -15*m - 2*v + 12 = -16*m, -m + 3*v - 16 = 0. Let b(c) be the third derivative of -c**6/120 - c**5/15 + c**4/12 - 2*c**3/3 - c**2. Calculate b(m).
-12
Let k(r) = r**2 - 2. Let p(i) = 2*i**2 + 14*i - 13. Let n(s) = 4*k(s) - p(s). What is n(6)?
-7
Let b(i) be the first derivative of -2 - 1/30*i**5 - i**3 + 1/180*i**6 + 0*i + 0*i**4 + 0*i**2. Let u(w) be the third derivative of b(w). Give u(3).
6
Suppose j - 1 = -0*j. Let q(g) = -10*g + 2. Suppose 5 = 108*r - 113*r. Let u(m) = 2. Let z(t) = r*q(t) + u(t). Calculate z(j).
10
Let i(g) be the first derivative of g**5/60 - g**4/12 + 11*g**3/3 + 16. Let u(f) be the third derivative of i(f). Determine u(-3).
-8
Let v be (-100)/(-17) + 144/1224. Let d(x) = -x**2 + 3*x - 4. Determine d(v).
-22
Let w(r) = 1 + 0*r**3 - 10 + 5 + 2*r**3 - r**3 + 4*r + 5*r**2. Suppose -2*b + 0 = 4*c + 22, -32 = 5*c + 4*b. Give w(c).
-4
Let p(r) = -r**2 - 3*r + 2. Let d = 31 + -4. Let 